.
-11
Let j(k) = -2*k**3 + 18*k**2 - 16*k - 4. Determine j(8).
-4
Let f(w) = -w**2 + 21*w - 26. Determine f(14).
72
Let f(v) = v + 11. Determine f(-15).
-4
Let z(d) = -d**2 + 2*d - 19. Calculate z(5).
-34
Let n(x) = 7*x + 51. Calculate n(-5).
16
Let p(j) = j**3 - 7*j**2 + 10*j - 10. Give p(5).
-10
Let q(v) = -36*v - 1. What is q(1)?
-37
Let p(z) = z**2 + 35. Give p(0).
35
Let l(o) = -o - 1. Give l(0).
-1
Let z(q) = q**3 + 10*q**2 - 14*q - 27. Give z(-11).
6
Let a(x) = -x**2 - 14*x - 34. What is a(-11)?
-1
Let v(t) = -19*t - 14. Calculate v(-1).
5
Let c(b) = -2*b**3 - 25*b**2 + 18*b + 58. What is c(-13)?
-7
Let u(h) = -h**3 - 12*h**2 - 11*h + 7. Calculate u(-11).
7
Let u(v) = 8*v - 84. Determine u(10).
-4
Let q(p) = 17*p**3 + p**2 + 4*p + 6. Determine q(-2).
-134
Let y(t) = -t**2 - 2*t + 28. What is y(-8)?
-20
Let a(w) = 2*w**2 - 27*w + 15. Determine a(12).
-21
Let d(t) = t**3 - t**2 + t + 34. Calculate d(0).
34
Let v(f) = -f**2 + 4*f + 1. Calculate v(8).
-31
Let s(r) = r - 2. Determine s(-6).
-8
Let z(s) = s + 12. What is z(-8)?
4
Let a(v) = -5*v**2 - 7*v - 11. Determine a(-2).
-17
Let q(z) = z**3 - z**2 - 15*z - 33. Calculate q(-3).
-24
Let w(f) = f**3 - 4*f**2 + 3*f + 3. Give w(3).
3
Let o(x) = -2*x**2 - 4*x + 1. Determine o(-2).
1
Let i(b) = -11*b - 6. What is i(-9)?
93
Let f(b) = -b**3 + 2*b**2 - 2*b. Calculate f(2).
-4
Let y(m) = m**2 + 16*m + 56. What is y(-4)?
8
Let r(f) = f**2 - 17*f - 2. Give r(12).
-62
Let l(x) = x**3 - 11*x**2 + 10*x + 2. Calculate l(10).
2
Let z(r) = -2*r + 11. Give z(7).
-3
Let b(n) = n**2 + n - 46. Determine b(-8).
10
Let i(m) = m**2 + 24*m + 62. Calculate i(-22).
18
Let u(i) = i**3 + 9*i**2 + 9*i + 11. Calculate u(-8).
3
Let c(b) = b**2 - 10*b + 6. Determine c(10).
6
Let a(q) = -q**3 - 55*q**2 - 11. Calculate a(-55).
-11
Let a(q) = -q**2 - 4*q + 12. What is a(2)?
0
Let a(f) = f**2 - 3*f - 26. Determine a(-4).
2
Let i(g) = 6*g + 91. What is i(-14)?
7
Let p(f) = -5*f + 3. Determine p(3).
-12
Let t(y) = -2*y**3 + 45*y**2 + 24*y - 19. What is t(23)?
4
Let r(z) = 28*z + 5. Determine r(-1).
-23
Let s(i) = -34*i**3 - 6*i**2 + 7*i. Give s(1).
-33
Let b(q) = q**2 + 2*q + 37. What is b(-11)?
136
Let k(f) = -2*f**3 - 32*f**2 - 28*f + 23. Give k(-15).
-7
Let l(p) = p**2 + 10*p - 5. Determine l(-10).
-5
Let a(n) = -3*n**2 - 11*n + 4. Calculate a(-5).
-16
Let v(f) = f + 5. Give v(5).
10
Let z(n) = -2*n**3 + 8*n**2 + 5*n + 2. Give z(6).
-112
Let f(h) = -h**2 - 15*h - 2. Give f(-15).
-2
Let j(p) = -p**3 - 7*p**2 - p + 2. Determine j(-7).
9
Let c(l) = l**2 + l - 4. What is c(-4)?
8
Let k(a) = -a**3 - 24*a**2 + 28*a + 79. What is k(-25)?
4
Let n(i) = -i**2 + 5*i + 8. Give n(5).
8
Let g(u) = -2*u**2 - 14*u + 3. What is g(-6)?
15
Let h(t) = 2*t**3 - 13*t**2 - t - 2. Calculate h(7).
40
Let f(i) = 6*i + 6. Determine f(8).
54
Let u(h) = -h**3 + 10*h**2 + 8*h + 23. Give u(11).
-10
Let x(h) = 12*h + 5. What is x(3)?
41
Let g(m) = 11*m + 11. What is g(5)?
66
Let d(b) = -b**3 + b**2 - b + 4. Determine d(0).
4
Let c(i) = i**3 - 19*i**2 + 3*i - 39. Give c(19).
18
Let m(t) = 5*t + 143. Give m(-28).
3
Let j(v) = v**3 - 5*v**2 - 5*v + 12. What is j(6)?
18
Let k(l) = l**3 + 9*l**2 - 9*l + 7. Calculate k(-10).
-3
Let i(a) = -4*a**2 - 9*a - 10. Calculate i(-4).
-38
Let d(t) = t**2 - 5*t - 5. What is d(-2)?
9
Let m(g) = g**2 + 33*g + 93. Give m(-30).
3
Let d(l) = l**3 - l**2 + 23. Determine d(0).
23
Let o(n) = n**2 + 25*n + 88. What is o(-4)?
4
Let y(r) = r**2 + 6*r + 3. Calculate y(-4).
-5
Let x(z) = z - 34. Calculate x(-6).
-40
Let g(k) = k**3 - k**2 - k - 4. Determine g(-3).
-37
Let n(z) = -8*z**2 + 4*z - 3. Calculate n(2).
-27
Let i(o) = o**3 + 26*o**2 + 27*o + 49. Give i(-25).
-1
Let z(w) = -w**2 + 42*w - 410. What is z(27)?
-5
Let j(c) = -c**3 + 10*c**2 + c - 5. Determine j(10).
5
Let b(w) = w**2 - 7*w - 4. What is b(10)?
26
Let u(k) = k**3 - 10*k**2 + 8*k - 5. What is u(9)?
-14
Let t(i) = 2*i**2 + 27*i - 32. Give t(-13).
-45
Let j(k) = 31*k**2 + 277*k - 18. Give j(-9).
0
Let k(q) = q**2 + 12*q + 14. Give k(-11).
3
Let b(l) = -l**3 + 5*l**2 + 10*l + 5. What is b(8)?
-107
Let j(h) = 15*h - 407. What is j(27)?
-2
Let g(n) = -7*n + 3. What is g(1)?
-4
Let b(y) = -8*y - 41. What is b(-5)?
-1
Let b(c) = 15*c - 40. Calculate b(3).
5
Let v(y) = y**2 - 7*y + 4. Calculate v(5).
-6
Let j(o) = 267*o - 524. What is j(2)?
10
Let a(m) = m**2 - 5*m + 2. Calculate a(6).
8
Let h(s) = -s**2 + 11*s + 6. Calculate h(11).
6
Let j(k) = 4*k**2 + 5*k + 7. Give j(-6).
121
Let l(d) = -d**2 + 8*d + 29. Calculate l(11).
-4
Let i(j) = 3*j - 6. What is i(-4)?
-18
Let o(u) = -3*u - 6. Give o(-5).
9
Let o(p) = -p - 15. What is o(-5)?
-10
Let q(n) = n**3 + 6*n**2 - 7*n - 3. Give q(-7).
-3
Let g(f) = -5*f + 32. Give g(5).
7
Let p(r) = r**2 - 12*r + 11. Give p(9).
-16
Let y(z) = -2*z - 11. Determine y(-5).
-1
Let o(n) = -n**3 + 5*n**2 + 6*n + 21. Calculate o(8).
-123
Let a(j) = -2*j**2 + 26*j - 74. What is a(10)?
-14
Let x(t) = -t**2 - 7*t + 9. What is x(-9)?
-9
Let w(n) = -25*n + 45. What is w(7)?
-130
Let j(a) = a**2 - 9*a + 14. What is j(9)?
14
Let p(k) = -12*k - 592. Determine p(-50).
8
Let j(d) = 2*d**2 + 5*d - 14. What is j(-6)?
28
Let v(c) = -5*c + 61. Give v(7).
26
Let z(a) = -7*a**3 - 2*a - 1. Determine z(-1).
8
Let i(z) = -14*z - 14. What is i(-4)?
42
Let p(o) = 2*o**3 + 37*o**2 + 54*o + 52. Determine p(-17).
1
Let d(x) = x**3 - 32*x**2 - 35*x + 22. What is d(33)?
-44
Let v(n) = -2*n**3 - 10*n**2 - 10*n - 15. Give v(-5).
35
Let h(q) = -q**3 + 7*q**2 - 4*q + 5. Give h(6).
17
Let q(u) = u**3 - 9*u**2 + 10*u - 21. What is q(8)?
-5
Let m(b) = 27*b**2 - 52*b - 4. Determine m(2).
0
Let d(p) = p**3 + p**2 - p. Calculate d(0).
0
Let m(r) = 4*r**3 - 4*r - 3. Calculate m(-1).
-3
Let h(j) = j**3 + 6*j**2 - 10*j - 14. Calculate h(-7).
7
Let v(r) = -22*r + 347. Give v(16).
-5
Let u(l) = -2*l**3 - 3*l**2 - 4*l - 8. Determine u(-2).
4
Let p(w) = -w**2 + 8*w + 8. Calculate p(9).
-1
Let n(y) = 5*y + 11. Determine n(-3).
-4
Let l(o) = -o**2 + 16*o - 14. Give l(15).
1
Let j(n) = -n + 52. What is j(10)?
42
Let f(i) = -6*i + 3. What is f(2)?
-9
Let z(x) = 73*x**3 + x**2 - x + 1. Calculate z(1).
74
Let w(q) = -29*q**2 + 8*q - 3. Calculate w(2).
-103
Let n(h) = h + 18. What is n(-21)?
-3
Let r(s) = -5*s**2 - 5*s - 2. Calculate r(-3).
-32
Let w(z) = -23*z + 3. Determine w(-2).
49
Let p(q) = -q - 13. Determine p(0).
-13
Let l(m) = -m**2 + 8*m + 27. Determine l(8).
27
Let t(u) = -7*u - 201. Give t(-28).
-5
Let t(x) = 5*x**2 + 12*x - 6. Determine t(-4).
26
Let j(r) = -r**2 + 6*r + 48. Calculate j(10).
8
Let r(n) = -2*n**2 + 15*n - 8. Give r(6).
10
Let y(g) = g**2 + 9*g + 14. What is y(-5)?
-6
Let y(u) = -u**3 - 10*u**2 + 24*u + 20. What is y(-12)?
20
Let h(o) = 6*o - 121. What is h(20)?
-1
Let n(i) = -2*i**3 + 5*i**2 + 3*i + 3. Calculate n(3).
3
Let l(v) = -3*v**2 + 3*v + 5. Calculate l(-2).
-13
Let j(b) = -8*b + 2. Calculate j(3).
-22
Let w(h) = -h + 3. Determine w(-7).
10
Let o(p) = p**2 + 2*p + 6. Give o(-3).
9
Let g(c) = 69*c + 486. What is g(-7)?
3
Let u(x) = -51*x**2 + 3*x + 2. Determine u(-1).
-52
Let y(c) = -6*c**3 - 3*c**2 + c. What is y(1)?
-8
Let k(h) = -h + 6. Calculate k(5).
1
Let l(h) = -h**3 - 13*h**2 + 9*h + 341. What is l(-11)?
0
Let r(k) = 13*k + 57. Determine r(-4).
5
Let m(g) = g + 4. Calculate m(-2).
2
Let w(m) = 70*m + 550. What is w(-8)?
-10
Let z(r) = -9*r**2 - 10*r - 15. Give z(-2).
-31
Let k(t) = -t**2 - 2*t + 2. Calculate k(1).
-1
Let g(x) = -x**3 + 6*x**2 + 26*x - 6. Determine g(9).
-15
Let k(m) = -2*m - 7. Give k(8).
-23
Let s(o) = 25*o - 298. Calculate s(12).
2
Let b(t) = -t**3 + 6*t**2 - 11*t + 7. Determine b(3).
1
Let s(z) = -50*z + 359. Calculate s(7).
9
Let p(u) = 11*u + 98. Calculate p(-13).
-45
Let k(n) = 10*n + 5. What is k(-2)?
-15
Let l(n) = n**3 - 33*n**2 - 34*n - 14. What is l(34)?
-14
Let w(h) = h**3 - 6*h**2 + 2*h - 24. Give w(6).
-12
Let w(n) = -n**2 - 22*n + 7. Calculate w(-12).
127
Let z(p) = -p**2 + 11*p - 9. Calculate z(7).
19
Let n(b) = b**3 - 19*b**2 - 44*b + 56. What is n(21)?
14
Let w(m) = -m**2 - 7*m + 56. Determine w(4).
12
Let q(j) = 2*j + 26. What is q(-8)?
10
Let u(y) = y**2 - 3*y - 4. What is u(4)?
0
Let h(z) = -z**2 - 6*z. Determine h(-7).
-7
Let v(d) = -35*d**2 + 3*d + 2. Determine v(-1).
-36
Let d(h) = -4*h - 21. What is d(-4)?